 6*r + 2 - 3 + 3. Let n be z(-5). Let c = n - 3. What is the units digit of c?
6
Suppose -4*z + 2*d + 10 = 0, 3*z - d - 6 = 1. Suppose -z*s = -3*s + 3. What is the units digit of s?
3
Suppose -5*c + 3*v = -48, -3*c = c + 4*v - 64. What is the tens digit of 2*c*5/10?
1
Let x(n) = n**3 - 2*n**2 - 10*n + 8. Let a be x(6). Suppose 3*j - 8*j + 115 = -3*f, -4*j + 4*f + a = 0. What is the units digit of j?
3
Suppose 328 = -27*r + 29*r. What is the units digit of r?
4
Let h = 13 - -3. Suppose -17 = -3*f + h. What is the tens digit of f?
1
Suppose z - 3*t - 51 = -z, -z = -5*t - 29. Let g be (6/(-2))/(9/z). What is the units digit of ((-8)/14)/(g/28)?
2
Let z(i) = i**3 + 2*i**2 - 3*i + 2. Let y be z(-3). Suppose y*t = 4*t - 72. Let v = -22 + t. What is the tens digit of v?
1
Suppose 5*j + f + 233 = 545, 4*j + 4*f = 256. What is the units digit of j?
2
Let h = 76 - 50. What is the units digit of h?
6
Suppose -19 = -3*r - 4, 0 = x + 4*r - 4. Let s = -4 + x. Let q = 31 + s. What is the tens digit of q?
1
Let s(g) = g**3 - 2*g - 1. Let a be 2*(1 - 2)/(-1). Let i be s(a). Suppose i - 5 = -d. What is the units digit of d?
2
Suppose -32 = -5*q - 2. Suppose -2*a = -4*a + q. Suppose 0 = -p - a*b - 5, 5*p + 3*b - 19 = -b. What is the units digit of p?
7
Suppose -i = -3*i. Suppose 0 = -i*c - 4*c. What is the units digit of 3 + 3/9*c?
3
Suppose 20*h = 26*h - 1290. What is the tens digit of h?
1
Suppose 45 - 234 = -3*w. What is the units digit of w?
3
Let p be (3 - -27)*(-1)/(-3). Let b = p - 5. Suppose n - 6 = b. What is the tens digit of n?
1
Suppose 0 = 3*p + 12, 2*w + 3*w + 5*p = 30. Let r = w - 10. Suppose -2*i - 23 = -3*m, r = -4*m - 0*m - 4*i + 24. What is the units digit of m?
7
Let b(o) = -2*o + 3. What is the units digit of b(0)?
3
Suppose -531 = -3*i - 4*c, -4*c = -6 - 6. Suppose i = 7*q - 9. What is the tens digit of q?
2
Let a(b) = -b - 3. Let k be a(3). Let f be 18*((-4)/k)/(-1). Let m = f + 19. What is the units digit of m?
7
Let d(s) = -s**2 + 9*s - 7. Let n be d(7). What is the tens digit of n/14 + (-58)/(-4)?
1
Suppose 3*s + 3 = 4*t, t = s + 3*s - 9. Suppose t*p - 7*p = y - 35, -y - 5*p + 35 = 0. What is the tens digit of y?
3
Let h(u) = -u**3 + 12*u**2 - u + 10. Let d(y) = y**2 - y + 1. Let k(o) = 6*d(o) - h(o). What is the units digit of k(7)?
0
Let l = 1 - -1. Suppose d - 27 = -0*d - 5*i, -43 = -5*d - l*i. What is the units digit of d?
7
Let x = 187 - 131. What is the tens digit of x?
5
Suppose 57 = -3*r + 4*r. Let n be -3 - (0 + r)/3. Let c = n + 34. What is the units digit of c?
2
Let o = -41 + 60. What is the tens digit of o?
1
Let n be 3 + (-15)/3 - 43. Let l = n + 64. What is the tens digit of l?
1
Suppose 0 = j - 5*l - 27, -5*j + l = -j - 32. Suppose 5*z = -d + 20 + j, -d - 3 = -5*z. Suppose 0 = m + 2*m - d. What is the units digit of m?
4
Suppose -295 = -5*n + 5*p, 8 + 116 = 2*n - 5*p. What is the tens digit of n?
5
Suppose -5*f = -5, 4*s - 2*s - 5*f = 31. What is the units digit of 1/(-2*(-3)/s)?
3
Suppose 4*w = 4*d + 264, -3*d = 3*w + 2*d - 174. What is the units digit of w?
3
Let p = 22 + -9. Let o be (-16)/4*(-12)/(-8). Let u = p + o. What is the units digit of u?
7
Let o = 7 - -2. Let p(s) = s**2 - 8*s - 7. What is the units digit of p(o)?
2
Suppose y - 2*y = -3*f - 45, f = y - 17. Let s be -4*(f/8 - 0). Let v(t) = -t**2 + 9*t - 7. What is the units digit of v(s)?
7
Let j = 160 + -111. What is the tens digit of j?
4
Let n(w) = 2*w + 3. What is the units digit of n(1)?
5
What is the units digit of (1/2*-1)/(65/(-33540))?
8
Suppose -8 = 3*r - 29. Suppose 9 = r*i - 4*i. Suppose -2*t = -8, -i*v + 37 = -0*t - 2*t. What is the tens digit of v?
1
Let q(o) = -16*o + 19. What is the units digit of q(-5)?
9
Let a(b) = -b**3 + 12*b**2 + 4*b - 6. What is the units digit of a(12)?
2
Suppose 0 = -m + 4*m - 6. Suppose 2 = -m*x + 32. What is the tens digit of x?
1
Let q(v) = -67*v + 2. What is the units digit of q(-1)?
9
Let g = -2 - -2. Suppose -4*n + 77 = 5*s, -2*s + g*s = -5*n + 121. What is the tens digit of n?
2
Let v be (7 - 1)/(-3) - 1. What is the units digit of 6/4 - v/(-6)?
1
Suppose 4*q - 60 = -280. Let w = -23 - q. What is the tens digit of w?
3
Let s(r) = 0*r**2 - 4*r**2 + 4 + 5*r**2 - r. What is the units digit of s(-4)?
4
Let u = 73 - 14. Suppose -3 = 2*h + 7, 2*n + 3*h - u = 0. What is the units digit of n?
7
Let l(x) = x**3 + 4*x**2 - 3*x + 2. Let f be (5/2)/(2/(-4)). Let a be l(f). What is the units digit of (a/5)/(2/(-10))?
8
Suppose -21*i + 20*i + 91 = 0. What is the tens digit of i?
9
Let n = -47 + 43. Let y(i) = i**3 - i**2 - i + 1. Let w(h) = h**3 - 6*h**2 + h + 7. Let t(z) = -w(z) + 2*y(z). What is the units digit of t(n)?
7
Suppose 5*t - 75 + 0 = 0. Let x = t + -11. Let h(n) = -n**2 + 5*n + 2. What is the units digit of h(x)?
6
Let h(o) = o**2 - 9*o + 11. Let t be h(8). Suppose t = -r + 8. What is the units digit of r?
5
Let i be (-2)/8 - 23/4. Let f be (-4)/i + (-2)/(-6). What is the units digit of -2*(0 + f) + 6?
4
Suppose -2 = 4*y + 2. What is the units digit of (y*16)/(-2) + 1?
9
Suppose -3*b - 13 = -z, 5*b + 2*z - 9 = -49. What is the units digit of 2/(-6) + (-80)/b?
3
What is the hundreds digit of 497/2 + (-2)/(9 - 5)?
2
Suppose 3*m - 13 = 11. Let p = m - -7. What is the tens digit of p?
1
Suppose 0*g = 5*g. Suppose g = -5*t - 5*k + 60, -t = k + 3*k - 9. What is the tens digit of t?
1
Suppose -j + 0*j - 5*d = -33, -4*j - 5*d + 207 = 0. What is the units digit of j?
8
Suppose -5*r - 130 = -400. Let f = r + -33. What is the tens digit of f?
2
Suppose -6*z + 4*z - 6 = d, -4*z = 12. Suppose 21 = 2*b + 4*v - 21, d = 3*b - v - 28. What is the units digit of b?
1
Let t(j) be the first derivative of -j**4/2 + j**3/3 + j**2/2 - 1. Let k be t(-1). What is the units digit of (k - 5)*2/(-6)?
1
Let u be (-2 + 1 - 0) + 1. Suppose u = 4*c + 14 - 66. What is the units digit of c?
3
Let m(s) = s**2 + 17*s + 18. What is the units digit of m(-16)?
2
Let p(c) = c**3 + 8*c**2 + 8*c + 9. Let y be p(-7). Let o = 2 + y. Suppose -4*b + 5*g - 1 = -b, o*g = -3*b + 17. What is the units digit of b?
3
Let g(p) = p**3 - 4*p**2 - 8*p - 13. What is the tens digit of g(6)?
1
Let k(p) = -p**2 - 5*p - 3. Let o(f) = -3*f**3 - 1. Let z be o(1). What is the units digit of k(z)?
1
Let f be (-2)/(-1 - 2/(-6)). Suppose 20 = 8*h - f*h. Suppose 33 = -l + h*l. What is the tens digit of l?
1
Suppose 2*d + 2*d - 4 = 4*z, 0 = -2*d - 4. Let a be (-4)/6 + (-26)/6. Let f = z - a. What is the units digit of f?
2
Let s(h) = 2*h**2 - h. Let i = 2 - 4. What is the tens digit of s(i)?
1
Suppose -120 = -8*g + 3*g. Let j be ((-1)/3)/((-2)/g). Suppose 3 = j*d - d. What is the units digit of d?
1
Let b be (-4)/6 + (-5)/15. Let w be 0 - (b/1 + -1). Suppose w - 11 = -n. What is the units digit of n?
9
Let z = 30 + -12. What is the units digit of z?
8
Let b be (3 + 0 - 0) + -28. Suppose 18 = -g + 2. Let v = g - b. What is the units digit of v?
9
Let a = 11 + -11. What is the units digit of 3/(a + 3) - -3?
4
Let k = 11 + -8. Suppose -2*w - k*w = -30. What is the units digit of w?
6
Suppose -m = -0*m. Suppose m = -3*l - l + 24. What is the units digit of l?
6
Let m = 0 - -1. Let c be (m/(-3))/((-2)/(-12)). What is the units digit of (-22 - 0)/c + -3?
8
Suppose -3*v + 577 = -q, q - 760 = -4*v - 0*q. What is the units digit of v?
1
Suppose -3*u = -6*u + 6. Suppose 4*y - 3 - 3 = -2*f, u*f = y - 14. What is the tens digit of (-1 + -1)/(y/(-22))?
1
Suppose 0 = 5*g + 58 + 87. Let r = -15 - g. What is the units digit of r?
4
Let n = -1 + -1. Let r = -17 - -19. What is the units digit of (r/3)/(n/(-9))?
3
Let f(g) = g**3 + 2*g**2 - 5*g. Suppose 0 = -4*b + 2 + 14. Let n(l) = 3*l**3 + 4*l**2 - 11*l. Let r(y) = b*n(y) - 9*f(y). What is the units digit of r(1)?
2
Suppose -4*y = 17 + 11. Let u = y - -18. What is the tens digit of u?
1
Suppose -2*u = -u - 3. Let j(q) = 2*q - 1. What is the units digit of j(u)?
5
Suppose 3*z + 4*r = r + 249, 4*z - 3*r = 367. What is the units digit of z?
8
Suppose -5*m + 4 = -1. What is the units digit of m?
1
Suppose 2*z - 3*x = 5, -2 = -4*z - 3*x - 1. What is the units digit of z/(-1 + (-6)/(-4))?
2
Let o be 4/(-4 + 0) + 241. Suppose 0*x = 6*x - o. What is the tens digit of x?
4
Suppose 0 = -t - 10 - 5. What is the tens digit of 84/t*(-5)/2?
1
Suppose 23*r